Let w(r) be the second derivative of -r**5 + r**4/12 - 5*r**3/6 - 3*r**2/2 + 14*r. List the prime factors of w(z).
3, 19
Let m(h) be the first derivative of 4*h**3/3 + h**2 + 7*h + 11. Suppose 5*p - 28 = 4*u - 2*u, -u = 5*p - 31. List the prime factors of m(p).
163
Suppose 0 = n + q - 2210, -n + 554 = -5*q - 1632. What are the prime factors of n?
2, 1103
Let g(h) = -h**3 - h**2 + 9*h + 19. Let k be g(-6). Suppose -718 = -k*o + 143*o. What are the prime factors of o?
359
List the prime factors of (-271 - -270) + (11519 - 0).
2, 13, 443
Suppose -2*u - n + 25073 = 0, 11*u + 2*n = 15*u - 50142. What are the prime factors of u?
2, 1567
Suppose -4*q + 5*q + 280752 = 9*q. List the prime factors of q.
2, 3, 5849
Let r(s) = s - 14. Let m be r(19). Suppose j - 5*j + 804 = 3*o, -3*j - m*o + 592 = 0. List the prime factors of j.
2, 3, 17
Suppose 2*z + 438 + 240 = 0. List the prime factors of (-2)/(1018/z + 3).
2, 3, 113
Suppose -22*c = -251271 - 104953. List the prime factors of c.
2, 11, 23
Let a be ((-72)/30)/((-4)/15). Suppose a*j + 4*n - 506 = 7*j, 4*n = j - 253. What are the prime factors of j?
11, 23
Let n = -35622 + 95650. What are the prime factors of n?
2, 43, 349
Let l be 1/4 - (-30)/8. Suppose -3*s + l = -2*s. What are the prime factors of s?
2
Suppose -4*r - 5*t = -1320, 3*t = 4*r - t - 1284. Suppose -5*n + r = -1445. List the prime factors of n.
2, 3, 59
Let r = 19100 - 1698. What are the prime factors of r?
2, 7, 11, 113
List the prime factors of -18 + 396/22 - -5574.
2, 3, 929
Let b(a) = -9*a**3 + 7*a**2 - 5. Let i be b(2). What are the prime factors of i/(-14)*1580/35?
2, 79
Suppose 4*f = 6*f + 8. Let c be 2 + 10/f - 10/(-4). What are the prime factors of (-1)/(c/(-370)*1)?
5, 37
Suppose 0 = 2*s - 17*y + 14*y - 144243, -216387 = -3*s - 3*y. List the prime factors of s.
2, 3, 4007
List the prime factors of 2/11 + 2823*(-6 + 1362/198).
3, 827
List the prime factors of ((-417249)/999)/((-2)/78).
7, 13, 179
Suppose -91*p + 93*p + 2*s - 33536 = 0, -p = -5*s - 16792. List the prime factors of p.
2, 7, 599
Suppose -221*s + 227*s - 720 = 0. Suppose 0 = -l - 0*l - 4*q + 60, -q - s = -2*l. What are the prime factors of l?
2, 3, 5
Suppose 3*p - 2*b - 27 = 0, -5*p + 5*b + 36 = -p. Let u be 3/p + (-64)/(-24). Suppose u*d - 138 = 39. What are the prime factors of d?
59
Suppose -b - 52 = -4*j, -4*j + 0*b = -2*b - 48. Suppose 2*d - u + 42 = 0, -d - 8 = -u + j. List the prime factors of 272/64*d/(-1).
5, 17
Let k(d) = 3*d**2 + 11*d + 4. Let q be k(-5). Let z be -1 - (1/(-3) - 16/q). Suppose 6*h - 588 = -z*h. List the prime factors of h.
2, 7
Let c = 106 - 101. Suppose j = -c*n - j + 1231, -2*j = 4*n - 986. List the prime factors of n.
5, 7
Let j(x) = -7*x**2 + 7*x - 8. Let m be j(4). Suppose -47*q + 1470 = -5*q. Let l = q - m. What are the prime factors of l?
127
Let g = 1446 + -1448. Let y = 85 - 155. Let b = g - y. List the prime factors of b.
2, 17
Let i = 12 + -37. What are the prime factors of 2250/12*(-20)/i?
2, 3, 5
Let w be (92 + -91)/((-1 - 0)/(-21)). Let f(r) = 2*r**2 + 10*r + 33. List the prime factors of f(w).
3, 5
Let b(s) = 60*s**3 + s**2 - 14*s + 82. List the prime factors of b(7).
3, 6871
Let u(w) = 4*w**3 - 16*w**2 - 61*w + 841. List the prime factors of u(21).
2, 83, 89
Let s be 0/(-2 - (5 + -5))*1. Suppose s*t + 4110 = 5*t + 5*h, 2*h + 2451 = 3*t. What are the prime factors of t?
3, 7, 13
Let p be (-3)/15 + 1442/35. Let m(d) = d**2 + 5. Let n be m(0). Let o = p - n. What are the prime factors of o?
2, 3
Let g = -341 - -344. Suppose -g*h + 4*o = -1370, -5*h + 2*o + 2260 = -0*h. List the prime factors of h.
2, 3, 5
Let l(v) = v**3 - 18*v**2 + v - 14. Let c = 60 + -42. Let g be l(c). Suppose s - 18 = -4*s + 3*r, -2*r = -g*s + 16. What are the prime factors of s?
2, 3
Let p = 261 - 261. Suppose 0*b - 2*b - 2*u + 1058 = p, 0 = 5*b + 4*u - 2647. What are the prime factors of b?
3, 59
Let j(s) = -s**3 - 14*s**2 - 11*s + 27. Let b be j(-13). What are the prime factors of 68/(-17) - (-663)/b?
659
Suppose -4*z = -k + 105, k - 4*k + 343 = -5*z. Suppose -117*o = -k*o + 252. Suppose 0 = -58*b + o*b - 1125. List the prime factors of b.
3, 5
Let y = 90 - 143. Let b = 57 + y. Suppose -3*v + 16 = b, 0 = j - v - 143. List the prime factors of j.
3, 7
Let f(i) = i**2 - 2*i - 46. Let g be f(8). Suppose -g*t + 10*t = 2272. Let c = -160 + t. What are the prime factors of c?
2, 31
Let k be 0/(2/(-2)) - (2 + 4). Let o = 23 + -7. Let b = o - k. What are the prime factors of b?
2, 11
Let j = -154 - -155. Let z be (-10)/(-15)*(j + 305). Suppose -7*t + 11*t - z = 0. What are the prime factors of t?
3, 17
Let r(d) = 163*d + 2343. What are the prime factors of r(46)?
13, 757
Suppose -3*b + 7*g - 5*g = -9, 4*b + 5*g - 35 = 0. Suppose -15*y + b*y = -3400. Suppose -y = -2*l + r, l + 4*r - 64 - 97 = 0. List the prime factors of l.
13
Suppose 0 = 2*a + a - 3*c + 15, -3*c = 0. Let q(n) = -n**3 - 3*n**2 + 2*n + 11. What are the prime factors of q(a)?
3, 17
Suppose 2*u - 8 = -0*u, 3*f - 3*u + 111 = 0. Let q be (-6)/(-10)*(-110)/f. Suppose 0 = -3*o - q*o + 210. List the prime factors of o.
2, 3, 7
Suppose -25218 - 65300 = -5*o + 35882. What are the prime factors of o?
2, 5, 79
Let l(o) = 5*o - 77. Let z(d) = 2*d - 22. Let m be z(19). Let h be l(m). Suppose -i - y = -132, h*y - 532 = -4*i - 0*i. What are the prime factors of i?
2, 17
What are the prime factors of 1*(43310 + 41 - (2 - 12))?
131, 331
Let i = 31 + -3. Let c be (i/3)/((-10)/15). What are the prime factors of (-178)/(c/3 + 4)?
3, 89
Let k(h) = 6*h + 23. Suppose -3*d + 14 = 5*z + 1, -7 = -d + z. Suppose -d*w - 14 = -8*w. List the prime factors of k(w).
5, 13
Let l(o) = -1204*o + 1643. What are the prime factors of l(-11)?
14887
Let u = 5333 - 2522. List the prime factors of u.
3, 937
Let f = -34 - 8. Let u = 39 + f. List the prime factors of (2 - -1)/u + (102 - -1).
2, 3, 17
Suppose -5*x + 5*z + 40 = 0, -5*z - 6 - 6 = 2*x. Suppose 0 = -q + x*q + 6. What are the prime factors of (26/(-6) - q)/(13/(-897))?
7, 23
Let k be -3 - -246*(-1)/2. Let u be (-72)/k + 454/14. Let b = 15 + u. What are the prime factors of b?
2, 3
Let v = -2 + 2. Let l(a) = 2*a**2 + 66*a - 617. Let b be l(8). Suppose b*o - 43*o + 100 = v. What are the prime factors of o?
5
Suppose 7*i = 10*i + 3, -3 = -5*c + 3*i. Let r(a) = a**2. Let z(v) = 3*v**2 + 2*v + 2. Let n(w) = -2*r(w) + z(w). What are the prime factors of n(c)?
2
Let l(p) = 1206*p**2 - 24*p + 63. What are the prime factors of l(4)?
3, 6421
Suppose 24 = 10*f + 2*f. Let w be 6/(36/354) + 1*f. Suppose 5*r + 4*l - 94 = w, -r + 37 = 2*l. List the prime factors of r.
3
Let k(n) = -992*n + 4203. What are the prime factors of k(-14)?
79, 229
Let v = -3309 - -6635. What are the prime factors of v?
2, 1663
Let o = -171 + 174. Suppose -2*f = 4*d - 4708, 2466 = o*d + f - 1067. List the prime factors of d.
3, 131
Suppose 3*f = f - 4*s + 136, 2*s = f - 84. Let q = 92 - -17. Let n = q - f. List the prime factors of n.
3, 11
Let q(k) = -4 + 6*k + 5 - 4 - 16*k - 36*k. Let d = 3 + -5. List the prime factors of q(d).
89
Suppose -4*r = 2*f + 4, -6*f + 2*f + 3*r = 8. Let c be f + (-2 - -5)*1. What are the prime factors of (4 - c)*1 - 2*-34?
71
Let r(o) = 127*o**2 + 11*o + 105. What are the prime factors of r(10)?
3, 5, 7, 41
Let t(s) = -s**3 - 112*s**2 + 4*s - 5068. List the prime factors of t(-114).
2, 7, 17, 43
Let p(w) = 9*w**2 - 4*w - 3. Let h be p(-2). Suppose 4*c - 5*y + 132 = 0, 0 = 4*c + 3*y - 77 + 209. Let n = c + h. List the prime factors of n.
2
Let w = 16872 + 19284. List the prime factors of w.
2, 3, 23, 131
Let u(q) = -q**3 - 12*q**2 - 9*q + 27. Let b be u(-11). Suppose 3*w - 3*j = -w + 29, -b*j = 3*w. Suppose 0 = w*f - 7*f + 46. List the prime factors of f.
23
Let h be 2/((-18)/(-165)) + (-16)/(-24). Let z = h + -107. What are the prime factors of (-4)/22 - 6440/z?
73
Let s = -27 - -33. Suppose -s*i + 2*i = -1120. List the prime factors of i.
2, 5, 7
Let s(l) = -l**2 - 2*l + 234. Let k be (-3)/(-4) - 3*2/8. What are the prime factors of s(k)?
2, 3, 13
Suppose 1485 = 36*j - 9*j. Suppose -7294 = 48*b - j*b. What are the prime factors of b?
2, 521
Let s = 4324 - -2516. What are the prime factors of s?
2, 3, 5, 19
Suppose 693*y + 5*d + 143443 = 696*y, -2*y - 2*d = -95618. List the prime factor